(f) = -86*f - 933. Give w(-11).
13
Let t(s) = 2*s**2 - 305*s - 2894. Give t(-9).
13
Let t(y) = 9*y**3 - 38*y**2 - 23*y - 44. Give t(5).
16
Let q(h) = -h**3 + 4*h**2 - 7*h + 27. Give q(4).
-1
Let y(g) = 5*g**3 + 3*g**2 - 18*g - 33. Determine y(-5).
-493
Let t(d) = -570*d + 3437. What is t(6)?
17
Let z(y) = 4*y**2 - 3*y - 85. Calculate z(-4).
-9
Let l(i) = 151*i - 3937. Calculate l(27).
140
Let v(n) = 67*n**2 + 205*n - 3. Determine v(-3).
-15
Let a(c) = c**3 - 20*c**2 + 73*c + 202. Determine a(9).
-32
Let c(f) = 548*f + 13101. Determine c(-24).
-51
Let z(m) = 2*m**3 + 16*m**2 + 50*m + 84. Determine z(-6).
-72
Let q(h) = 1931*h - 13516. Determine q(7).
1
Let v(q) = 242*q + 9440. Calculate v(-39).
2
Let k(l) = -8*l**2 - 20*l - 31. Give k(-7).
-283
Let l(t) = t**3 + 50*t**2 + 56*t - 98. Determine l(-49).
-441
Let m(w) = -2*w**3 - 122*w**2 + 419*w + 2242. Give m(-64).
2
Let x(p) = 2*p**2 + 10*p - 225. Give x(10).
75
Let m(u) = 5*u**2 + 78*u - 39. What is m(-15)?
-84
Let c(a) = 859*a - 5161. Determine c(6).
-7
Let k(l) = -5136*l + 87299. What is k(17)?
-13
Let k(c) = 7*c**2 + 10*c - 31. Give k(-3).
2
Let f(o) = -25*o - 279. Give f(-14).
71
Let r(c) = -3*c**3 - 368*c**2 + 736*c - 2. Give r(2).
-26
Let x(j) = -j**3 - 8*j**2 - 21*j + 9. Determine x(-4).
29
Let p(m) = -m**3 - 2*m**2 + 263*m + 2. Determine p(0).
2
Let x(v) = 106*v + 1552. Give x(-7).
810
Let z(k) = 53*k - 226. Calculate z(6).
92
Let f(u) = 20*u**3 + 279*u**2 - 13*u + 14. Calculate f(-14).
0
Let r(k) = 8*k**2 - 67*k + 28. Give r(8).
4
Let q(h) = 8*h + 13. Calculate q(-6).
-35
Let j(f) = 14*f**3 - 91*f**2 + 36*f + 34. Give j(6).
-2
Let d(f) = 61*f + 995. What is d(-16)?
19
Let n(z) = 175*z - 1310. Determine n(8).
90
Let m(d) = -181*d**2 - 8*d - 7. What is m(-1)?
-180
Let b(f) = 3*f**2 + 29*f + 65. Calculate b(-7).
9
Let u(i) = 63*i**2 - 369*i + 13. Calculate u(6).
67
Let y(r) = -r**2 + 1084*r + 65034. Give y(-57).
-3
Let h(q) = 86*q + 243. Determine h(-4).
-101
Let x(z) = -332*z - 1005. What is x(-3)?
-9
Let r(b) = 2*b**3 - 50*b**2 + 7*b - 184. Give r(25).
-9
Let q(u) = -u**3 - 56*u**2 - 490*u + 54. Determine q(-11).
-1
Let j(o) = 63*o - 631. Give j(11).
62
Let o(r) = r**3 - 17*r**2 + 17*r - 20. Give o(16).
-4
Let v(y) = -12*y**2 + 79*y + 9. Determine v(5).
104
Let w(h) = 2*h**3 + 57*h**2 - 14*h + 340. Determine w(-29).
-95
Let h(c) = 128*c**3 - 3*c**2 - 2*c + 4. Give h(1).
127
Let y(z) = z**2 - 17*z - 44. Determine y(18).
-26
Let v(a) = 26*a + 320. Calculate v(-10).
60
Let t(z) = 2*z**2 + 283*z - 1618. Determine t(-147).
-1
Let a(h) = 2*h**2 + 229*h + 2556. Determine a(-102).
6
Let o(z) = -3*z**2 + 104*z + 191. Determine o(36).
47
Let s(t) = 230*t + 3230. What is s(-14)?
10
Let q(y) = 94*y - 674. Give q(6).
-110
Let c(z) = -33*z - 240. Determine c(-7).
-9
Let c(p) = p**2 + 52*p + 528. What is c(-17)?
-67
Let t(q) = -225*q - 2933. Give t(-13).
-8
Let f(d) = -2*d**2 + 15*d + 259. Determine f(0).
259
Let b(y) = -5*y**3 - 3*y**2 - 117*y - 114. What is b(-1)?
5
Let c(a) = a**3 + 74*a**2 + 643*a + 28. Determine c(-10).
-2
Let f(w) = 336*w - 209. Determine f(1).
127
Let k(r) = 4*r + 80. Give k(16).
144
Let u(c) = -10*c - 144. What is u(-14)?
-4
Let u(c) = -c**3 - 31*c**2 - 35*c - 150. What is u(-30)?
0
Let w(n) = n**3 + 8*n**2 - 37*n + 137. Give w(-12).
5
Let k(h) = -h**2 - 11*h + 73. Give k(-15).
13
Let s(z) = 15*z**2 + 108*z - 6. Determine s(-8).
90
Let h(g) = -4*g**3 - 25*g**2 - 28*g - 147. What is h(-6)?
-15
Let m(t) = 33*t + 93. Determine m(-1).
60
Let z(r) = r**3 + 7*r**2 - 30*r + 60. What is z(4)?
116
Let q(u) = -44*u**2 - 4*u + 2. Determine q(-2).
-166
Let y(q) = 2*q**2 - 26*q - 329. Give y(21).
7
Let o(i) = 4*i**2 + 36*i + 10. What is o(-11)?
98
Let l(u) = -20*u - 1949. Calculate l(-97).
-9
Let r(w) = w**2 + 92*w + 1863. Calculate r(-68).
231
Let j(l) = 6*l**3 - 50*l**2 - 14*l + 73. Calculate j(8).
-167
Let p(a) = 149*a + 22932. Determine p(-154).
-14
Let h(r) = -2*r**3 + 7*r**2 - 19*r + 97. Calculate h(4).
5
Let p(f) = -3*f + 335. What is p(107)?
14
Let q(l) = -49*l**2 - 7*l - 9. What is q(-1)?
-51
Let t(c) = c**3 - 6*c**2 + 8*c - 12. Determine t(3).
-15
Let r(p) = -p**3 + 3*p**2 - 8*p - 30. Calculate r(6).
-186
Let i(s) = -2*s**2 - s + 509. What is i(-16)?
13
Let y(z) = 85*z**3 + 344*z**2 - 4*z - 4. Calculate y(-4).
76
Let g(v) = 2*v**2 - 126*v + 588. Calculate g(5).
8
Let t(k) = 8*k**2 + 27*k - 15. What is t(-4)?
5
Let i(z) = z**2 - 180*z - 917. Determine i(-5).
8
Let w(d) = 3*d**2 + 427*d + 561. Determine w(-141).
-3
Let j(r) = r**3 - 2*r**2 - 3. Give j(2).
-3
Let d(s) = 45*s - 405. Calculate d(9).
0
Let g(h) = 27*h + 263. What is g(-10)?
-7
Let i(m) = m + 81. Calculate i(-2).
79
Let y(q) = -6*q**2 - 9*q + 18. Give y(2).
-24
Let g(u) = -4*u**2 - 24*u + 1403. Give g(-22).
-5
Let z(j) = j**2 - 15*j - 364. What is z(-12)?
-40
Let w(l) = -l**3 + 5*l**2 + 18*l - 59. What is w(7)?
-31
Let q(f) = f**3 - 36*f**2 + 31*f - 132. What is q(35)?
-272
Let v(u) = u**3 + u**2 - 145*u - 21. Determine v(12).
111
Let y(f) = f**3 + 32*f**2 - 7*f - 42. Calculate y(-32).
182
Let v(g) = 20*g - 596. Give v(31).
24
Let r(d) = -d**3 + 11*d**2 - 63*d - 1. What is r(0)?
-1
Let x(l) = l**2 + 38*l + 315. Determine x(-38).
315
Let m(v) = 163*v - 31. What is m(1)?
132
Let z(x) = x**2 - 19*x + 5. Calculate z(18).
-13
Let g(n) = n**2 - 569*n + 65934. Calculate g(407).
0
Let x(d) = -d**3 + 10*d**2 - 15*d + 74. What is x(10)?
-76
Let m(w) = -77*w + 11089. Calculate m(144).
1
Let k(n) = n**3 - 32*n**2 + 25*n + 69. Calculate k(31).
-117
Let x(v) = 127*v + 641. Determine x(-5).
6
Let o(x) = -1100*x - 3334. What is o(-3)?
-34
Let i(n) = 14*n**2 + 223*n + 887. Determine i(-7).
12
Let o(p) = -p**3 + 3*p**2 - 8*p + 285. Give o(0).
285
Let k(t) = -6*t**2 + 14*t - 44. Give k(3).
-56
Let c(n) = -5*n**2 + 237*n + 49. Give c(46).
371
Let t(m) = 53*m + 624. Determine t(-11).
41
Let x(z) = 1170*z + 5859. Calculate x(-5).
9
Let q(r) = -6*r**3 - 81*r**2 - 39*r + 3. What is q(-13)?
3
Let z(u) = 241*u - 57357. Give z(238).
1
Let i(g) = -8*g**2 - 2*g + 24. Determine i(2).
-12
Let m(v) = v**2 - 123*v + 476. What is m(4)?
0
Let v(k) = -4*k**3 + 26*k**2 + 11*k - 17. Determine v(7).
-38
Let k(n) = -n**3 - 12*n**2 - 31*n + 4. Calculate k(-8).
-4
Let w(a) = -a**2 - 58*a - 160. What is w(-55)?
5
Let l(g) = 15*g - 316. Give l(22).
14
Let h(x) = 3*x**3 + 2*x**2 - 15*x - 13. Give h(-3).
-31
Let o(a) = -42*a + 89. Give o(1).
47
Let t(u) = -u**2 - 365*u - 27600. What is t(-107)?
6
Let j(v) = -12*v - 623. Calculate j(-52).
1
Let c(w) = 120*w**2 + 220*w + 220. Determine c(-1).
120
Let u(a) = -a**3 + 48*a**2 - 47*a + 4. Determine u(47).
4
Let j(q) = 28*q**2 + 31*q - 1. Determine j(-3).
158
Let s(t) = 2*t**2 + 29*t + 8. Determine s(-5).
-87
Let b(w) = 13*w - 78. Give b(13).
91
Let g(o) = -449*o + 18892. Calculate g(42).
34
Let i(s) = -2*s**2 + 42*s - 326. Give i(13).
-118
Let p(y) = -10*y - 731. Calculate p(-46).
-271
Let p(d) = 29*d**2 + 372*d + 19. Give p(-13).
84
Let j(f) = -61*f + 399. Calculate j(9).
-150
Let b(i) = -i**3 + 4*i**2 + i - 751. Determine b(0).
-751
Let a(q) = 27*q**2 + 323*q - 7. What is a(-12)?
5
Let p(g) = -789*g - 3919. What is p(-5)?
26
Let w(t) = t**3 - 18*t**2 + 36*t + 3. Give w(16).
67
Let z(k) = 122*k**2 + 16*k - 16. What is z(1)?
122
Let b(t) = -2*t**3 + 34*t**2 + 2*t - 35. What is b(17)?
-1
Let f(x) = 4*x**3 + 51*x**2 + 21*x - 144. Give f(-12).
36
Let z(j) = j**2 + 836*j - 4. Calculate z(0).
-4
Let s(r) = -149*r + 3877. What is s(26)?
3
Let d(u) = -12*u**2 + 167*u - 23. Give d(13).
120
Let s(r) = -r**3 + 39*r**2 - 172*r - 90. What is s(34)?
-158
Let g(c) = -43*c**2. Determine g(1).
-43
Let h(p) = -p**3 + 16*p**2 + 14*p + 14. What is h(17)?
-37
Let s(a) = 20942*a + 125661. What is s(-6)?
9
Let z(m) = 37*m**2 - 151*m + 5. What is z(4)?
-7
Let g(k) = -26*k**2 + 207*k + 11. Give g(8).
3
Let d(r) = -2*r - 158. Give d(-37).
-84
Let s(j) = 611*j - 9155. Determine s(15).
10
Let s(j) = -79*j**2 - 35*j. What is s(-1)?
-44
Let q(c) = -42*c + 199. Determine q(6).
-53
Let g(b) = 2*b**3 - 224*b**2 + 224*b - 219. Calculate g(111).
3
Let a(s) = -s**3 - 8*s**2 + 18*s + 7. Calculate a(2).
3
Let d(l) = 2*l**3 - 22*l**2 - 344*l - 315. What is d(20)?
5
Let l(o) = -1680*o - 13463. Give l(-8).
-23
Let a(w) = -w**3 + 7*w**2 - 10*w + 13. Give a